165/22. Suppose -c + g - 4 = 0. Let a(i) = 4*i - 4. Determine a(c).
20
Let c be ((-6)/(-2))/(18/36). Suppose c = 158*t - 164*t. Let y(d) = -3*d**3 + 2*d + 1. Give y(t).
2
Let f(p) = -p**2 - 8*p - 14. Let h be f(-4). Let b(y) be the first derivative of 3/2*y**2 - 4/3*y**3 - 5 - 2*y. Give b(h).
-12
Let m(h) = 2*h**2 + 28*h - 9. Let g = -17021 + 17007. What is m(g)?
-9
Suppose -12*z = 19*z - 62. Let l(d) = 21*d**2 + 8 - 9*d**z + 5*d**3 - 5 - 4*d**3 - 9*d**2. Calculate l(-4).
-13
Suppose k = 4*x - 4, -2*x - 63 = k - 59. Let u(p) be the second derivative of 0 - 1/6*p**3 + 3*p - 3/2*p**2. Calculate u(x).
-3
Let u = 17 - 5. Let t be 1/((-2)/u*-2). Let h(r) = 11*r - 4*r - 7*r - 2*r - 3 - 2 + 3. Determine h(t).
-8
Suppose 2*r - 2 = -2*l, 2*r - 3*l + l - 6 = 0. Let i(u) = r + 9*u + u - 18*u. Determine i(2).
-14
Let v(d) = 28*d + 43. Let s(m) = 55*m + 88. Let f(h) = -3*s(h) + 5*v(h). Let b be f(-2). Let k(o) = 5*o**3. Calculate k(b).
5
Let x(f) be the second derivative of -1/12*f**4 - 175*f - 3/2*f**2 + 0 + 3/2*f**3. What is x(8)?
5
Let b be (-356)/(-445)*(-1 + 7/2). Let n(r) = r - 7*r - 362*r**b - r**3 - 1 + 358*r**2. What is n(-4)?
23
Let d(b) = b - 6999 + 60*b**3 + 6999. Give d(1).
61
Let o = 433 - 419. Suppose 2*r - 10 = -o. Let z(l) = -5*l**2 + l + 2. Calculate z(r).
-20
Let l be (0 + -18)/((-16)/(0 + 8)). Let t(v) = l*v + 9*v**2 + 0 + 7 + v**3 + 3 - 2*v**3. Calculate t(10).
0
Let x = -230 + 158. Let o = 73 + x. Let j(p) = -16*p**3 + p - 1. Determine j(o).
-16
Let j(a) = -6*a - 1. Let y(l) = -l**3 - l**2 - 6*l - 3. Let i be y(-4). Let b be (-2)/(1 + (-71)/73). Let p = i + b. Calculate j(p).
23
Let g(q) = -2*q**2 - 56163870*q + 22 + q**2 + 56163871*q. Calculate g(-7).
-34
Let n(o) = -14*o**3 - 75*o**2 + 27*o - 325. Let y(c) = 30*c**3 + 149*c**2 - 53*c + 650. Let t(s) = 13*n(s) + 6*y(s). Determine t(-41).
3
Let v(s) = 3*s - 43. Let g(m) be the third derivative of -m**4/24 + 10*m**3/3 - 185*m**2. Let z(q) = 7*g(q) + 3*v(q). Give z(-6).
-1
Let w = -1893 + 1950. Let a(u) = -u**2 - u + 52. Let y be a(0). Let h = y - w. Let n(q) = -q**2 - 5*q + 5. Determine n(h).
5
Let w be (-234)/(-351)*(-3)/(-11)*11. Let b(h) = -70*h + 10. Calculate b(w).
-130
Let l = 42510 - 42489. Let d(k) = k**2 - 26*k + 110. Determine d(l).
5
Let q(c) = -96*c**2 - 44*c - 5. Let a(z) = 111*z**2 + 42*z + 4. Let s(x) = 6*a(x) + 7*q(x). Give s(-9).
7
Let k(i) = 153*i - 16. Let q(x) = -116*x + 16. Let p(u) = -3*k(u) - 4*q(u). What is p(-4)?
-36
Let y = 189 - 113. Let a = 17 + -87. Let x = y + a. Let g(l) = -l + 3. Calculate g(x).
-3
Suppose 5*t = j + 33, 14*t - 11*t = -2*j + 25. Let n(a) = -24*a + 160. Determine n(t).
-8
Let d(c) = 3*c**2 + 3*c + 2. Let f = 13 - -23. Suppose f = 19*l - 7*l. Let q(k) = 2*k**2 + 3*k + 2. Let n(p) = l*d(p) - 4*q(p). What is n(3)?
-2
Let c(b) = -b**3 + 18*b**2 - b + 8. Let y(p) = -3*p**2 + p - 1. Let x(a) = -c(a) - 6*y(a). What is x(4)?
42
Let o(m) = 52*m + 126. Let g(t) = -59*t - 128. Let l(y) = 5*g(y) + 6*o(y). Determine l(-7).
-3
Let c(h) = h**2 + 13*h + 15. Let m(n) = n**3 - 15*n**2 - 18*n + 32. Let r be m(16). Let k(w) = w**3 - w**2 + 3*w - 12. Let p be k(r). Calculate c(p).
3
Let t(y) be the second derivative of -y**5/20 - 25*y**4/12 - 5*y**3/6 + 5*y**2/2 + 2*y - 6455. Determine t(-25).
130
Let f(a) be the second derivative of -13*a**5/20 - a**4/6 + a**3/6 - a**2/2 - 3205*a. Determine f(-2).
93
Suppose -32*a + 38*a = -306. Let p = a + 68. Let r(h) = -3*h + 59. Let q be r(p). Let y(c) = c**2 - 9*c + 8. Determine y(q).
0
Let r(w) = 6*w**2 + 4*w**2 - 9602 + 9558 - 13*w**2 + 4*w**2 - 11*w. Calculate r(16).
36
Let t(u) = 2*u + 5. Let m be (34 + (-24)/6)/((-3)/27). Let s = 267 + m. Determine t(s).
-1
Let x(w) = -2 - 2 + 0*w - w. Let t be 6/9 - ((-6)/18 + 27 + -22). Give x(t).
0
Suppose -2*h = 3*h. Suppose -q - q = h. Let c(k) = -2 + q + k - 3. Determine c(4).
-1
Let d be 25/(-10)*8/(-60)*9. Let n(k) = 32*k**2 - 8*k + 7. Let i(f) = 27*f**2 - 7*f + 6. Let h(u) = 6*i(u) - 5*n(u). Calculate h(d).
13
Let k(m) = -57*m + 42. Let x(h) = 45*h - 42. Let z(i) = 3*k(i) + 4*x(i). What is z(5)?
3
Suppose 2*f + 4*u - 17 + 1 = 0, -2*u = -2*f - 2. Let z(d) = 2*d**3 - 11*d**f + 13*d**2 - 3*d**2 - 2 + 5 + 2*d. Let i be 4/(5/(10/(-4))). Calculate z(i).
-21
Let d be (-1)/(-4) - (-198)/72. Let m(y) = -20 - 12 + 7*y - 7*y**2 + y**d + 30. Give m(6).
4
Let i(v) be the first derivative of -v**4/4 - 8*v**3/3 - v**2/2 - 5. Let g be 1/(((-6)/2169)/(12/(-18))). Let h = g + -249. What is i(h)?
8
Let k = 9340 - 9342. Let l(h) = 18*h + 3. What is l(k)?
-33
Let t = -4937 + 4921. Let v(n) = n**2 + 22*n + 18. What is v(t)?
-78
Let n(m) = -41*m**2 + m. Suppose -12*l + 16*l + 2 = -2*b, -5*b = -4*l - 9. Determine n(b).
-40
Suppose i + 5*f = 3*i - 31, -20 = 4*f. Suppose 3*q = -w + i*w - 23, -w - 3*q - 11 = 0. Let u(s) = -7*s + 4. Determine u(w).
-24
Let c(w) = -w**2 - 18*w + 213. Let o be c(8). Let l(g) = g**2 - 4*g - 6. Calculate l(o).
-1
Let i(n) be the second derivative of -n**4/2 - 5*n**3/6 - 7*n**2/2 + 61*n + 17. Calculate i(-2).
-21
Let y(u) = -2*u**3 + 19*u**2 + 11*u + 7. Suppose -12 = 2*s, -3*o - 10*s + 15*s = -60. Determine y(o).
17
Let p(a) = -86*a - 515. Suppose 4666*l - 4590*l + 456 = 0. Calculate p(l).
1
Let s be 0*(726/44 + -17). Let q(f) be the third derivative of -1/24*f**6 - 1/6*f**3 + 0*f + 0*f**5 + s + 0*f**4 + 14*f**2. What is q(1)?
-6
Suppose -2*m - 13*m = 23*m. Let i be -2 + -1 + (14 - (6 + m)). Let c(u) = 3*u - 10. Determine c(i).
5
Let m(b) = -6 + 7 - 4 + 0. Let g(a) = -a. Let f(y) = 2*g(y) + m(y). Determine f(-2).
1
Let t(i) = 8*i + 15. Let v(n) = -7*n - 9. Let k(a) = 6*t(a) + 7*v(a). Let g(c) = 5. Let z(q) = 6*g(q) - k(q). Let w be 4/18 - 94/18. What is z(w)?
-2
Suppose n + 3*n = 3*o + 16, -2*n + o = -10. Let p(j) = 43*j - 74*j + 34*j - 11. Calculate p(n).
10
Let r(z) = 9*z**2 + 3. Let m(b) be the second derivative of 17*b**4/12 + 5*b**2/2 - 281*b. Let j be 2 + 7 + 1 + -3. Let n(u) = j*r(u) - 4*m(u). What is n(1)?
-4
Let j be -8 + 6 + ((-693)/(-11))/3. Let p(t) = t**3 - 20*t**2 + 16*t + 40. Determine p(j).
-17
Let y(g) = 5*g**3 + 29*g**2 + 38*g - 62. Let o(p) = 8*p**3 + 29*p**2 + 25*p - 62. Let k(v) = 2*o(v) - 3*y(v). Give k(31).
0
Let h(a) = 5*a. Suppose -3*g + 2*g + 4*r = 24, 0 = 2*g + 5*r - 17. Let m be 2/8 - (-117)/g. Let j = 30 + m. Calculate h(j).
5
Let s = 14208 + -14198. Let t(z) = 6*z - 40. Determine t(s).
20
Let h(t) = t - 1. Let i be h(1). Suppose i = 227*c - 232*c + 15. Let f(p) = p. Let m(a) = 5*a - 3. Let z(g) = 4*f(g) - m(g). Calculate z(c).
0
Let o = -91 - -96. Let g(w) = -w**2 - 62*w + 1 - o + 64*w. What is g(3)?
-7
Let g(o) = o - 3. Suppose -2 = 378*y - 376*y. Calculate g(y).
-4
Let p be 15*((-72)/30)/(-6). Let g(v) = p*v**2 + 5*v**2 + 0*v**2 - 11*v**2 + 3*v + v**2 + 2. Give g(-2).
0
Let s be 526/(-8) + 0 + 10/(-40). Let h(j) = -10*j - 664. Calculate h(s).
-4
Let v(c) = c**2 + c + 28. Let n(z) = -6*z - 168. Suppose -744 + 912 = -6*f. Let o be n(f). Give v(o).
28
Let k(q) = -q**2 - 13*q + 98. Suppose -165*o + 72 = -169*o. Give k(o).
8
Suppose 5*f + g - 24 = 0, -22 = -4*f - 4*g + 6*g. Let a be (f - 11)/(-30) + (-118)/(-10). Let v(p) = -3*p + 30. What is v(a)?
-6
Let u(f) = 4*f - 75. Let r(y) = y**2 - 22*y - 222. Let p be r(-8). Calculate u(p).
-3
Let x(b) = 16*b**3 - b**2 - b + 1. Let o be (140/(-60))/(1/(-3) - 0). Let q(v) = v + 0 + 0*v - 6. Let w be q(o). Calculate x(w).
15
Let m(p) be the third derivative of p**4/3 - 35*p**3 - 37*p**2 + 2. Give m(27).
6
Let f be ((29 - 14) + -10)/(15/6). Let u(v) = 19*v**2 - 2*v + 3. Give u(f).
75
Let l(i) be the first derivative of -5*i**2/2 + 82*i - 3974. Determine l(13).
17
Let p(r) be the first derivative of 5*r**4/12 - r**3/2 - 24*r**2 - 87. Let q(u) be the second derivative of p(u). Determine q(3).
27
Let k(x) = x**3 + 17*x**2 - 5. Let i be (3 - 2)/(11/143). Let z be 1*-1*(4 + i). Give k(z).
-5
Let x(f) be the third derivative of -f**6/60 - f**5/5 + 17*f**4/24 + 11*f**3/3 - f**2 + 13*f - 37. Calculate x(-7).
1
Suppose -5*w - 2 = -3*j, -2*w - 8 = 2*j + 12. Let r be ((-7 - -2) + 1)*(-402)/24. Let y(t) = -68*t**2 - t + r*t**2 + 5 - 5*t - 3. Give y(j).
2
Let g(t) be the second derivative of t**4/6 - 7*t**3/6 + 126*t + 3. Determine g(4).
4
Let u(d) = d - 7. Let n be (222/(-12))/((-1)/2). Let v = -37 + n. Suppose 0 